e the prime factors of 1282212?
2, 3, 35617
List the prime factors of 7798271.
13, 397, 1511
What are the prime factors of 1437702?
2, 3, 7, 34231
What are the prime factors of 922329?
3, 102481
What are the prime factors of 1140152?
2, 13, 19, 577
What are the prime factors of 34096128?
2, 3, 11, 1009
List the prime factors of 502581.
3, 233, 719
List the prime factors of 18542923.
7, 7723
What are the prime factors of 3367229?
1321, 2549
List the prime factors of 514313.
514313
List the prime factors of 3110300.
2, 5, 19, 1637
List the prime factors of 801036.
2, 3, 7417
What are the prime factors of 555282?
2, 3, 7, 13, 113
List the prime factors of 734853.
3, 7, 4999
What are the prime factors of 307216?
2, 7, 13, 211
What are the prime factors of 92058?
2, 3, 67, 229
What are the prime factors of 675720?
2, 3, 5, 1877
List the prime factors of 1405724.
2, 97, 3623
What are the prime factors of 11245787?
7, 1606541
What are the prime factors of 830892?
2, 3, 17, 4073
What are the prime factors of 961427?
961427
List the prime factors of 259379.
259379
List the prime factors of 3663268.
2, 7, 41, 3191
List the prime factors of 99963.
3, 29, 383
List the prime factors of 3634230.
2, 3, 5, 23, 229
List the prime factors of 24440187.
3, 1429, 5701
List the prime factors of 135700.
2, 5, 23, 59
What are the prime factors of 428743?
7, 23, 2663
List the prime factors of 198862.
2, 99431
What are the prime factors of 1902623?
17, 111919
List the prime factors of 5570006.
2, 13, 283, 757
List the prime factors of 543774.
2, 3, 7, 11, 107
List the prime factors of 277645.
5, 55529
What are the prime factors of 24615?
3, 5, 547
What are the prime factors of 12464868?
2, 3, 13, 79903
List the prime factors of 19879737.
3, 6626579
List the prime factors of 2813546.
2, 1406773
What are the prime factors of 17087429?
17087429
List the prime factors of 247742.
2, 11, 11261
What are the prime factors of 182728?
2, 7, 13, 251
What are the prime factors of 6145042?
2, 29, 101, 1049
List the prime factors of 1844866.
2, 101, 9133
List the prime factors of 5978677.
43, 163, 853
What are the prime factors of 1282211?
7, 113, 1621
What are the prime factors of 96672?
2, 3, 19, 53
List the prime factors of 9035060.
2, 5, 451753
List the prime factors of 112773.
3, 37591
List the prime factors of 19812481.
13, 29, 52553
What are the prime factors of 4312992?
2, 3, 44927
List the prime factors of 29325.
3, 5, 17, 23
List the prime factors of 245670.
2, 3, 5, 19, 431
What are the prime factors of 300396?
2, 3, 25033
What are the prime factors of 419040?
2, 3, 5, 97
What are the prime factors of 237485?
5, 47497
What are the prime factors of 54056?
2, 29, 233
List the prime factors of 1423440.
2, 3, 5, 659
List the prime factors of 2214773.
11, 19, 10597
List the prime factors of 50338.
2, 25169
What are the prime factors of 998344?
2, 124793
List the prime factors of 1864559.
1864559
List the prime factors of 638303.
638303
What are the prime factors of 4530841?
7, 647263
List the prime factors of 10968932.
2, 13, 71, 2971
What are the prime factors of 192751?
13, 14827
List the prime factors of 766672.
2, 47917
What are the prime factors of 238010?
2, 5, 23801
List the prime factors of 2097464.
2, 239, 1097
What are the prime factors of 299360?
2, 5, 1871
What are the prime factors of 1409755?
5, 43, 79, 83
What are the prime factors of 261054?
2, 3, 14503
What are the prime factors of 1104263?
71, 103, 151
List the prime factors of 3732225.
3, 5, 7, 7109
List the prime factors of 2752575.
3, 5, 7, 107
List the prime factors of 102197.
102197
List the prime factors of 696444.
2, 3, 7, 8291
List the prime factors of 183142.
2, 91571
List the prime factors of 3703560.
2, 3, 5, 7, 4409
List the prime factors of 10378224.
2, 3, 97, 743
What are the prime factors of 75195?
3, 5, 557
List the prime factors of 63912.
2, 3, 2663
What are the prime factors of 115998?
2, 3, 19333
What are the prime factors of 6667932?
2, 3, 555661
What are the prime factors of 21379261?
113, 137, 1381
List the prime factors of 428605.
5, 23, 3727
List the prime factors of 968386.
2, 484193
What are the prime factors of 1254451?
11, 114041
What are the prime factors of 9537675?
3, 5, 7, 37, 491
List the prime factors of 14899177.
14899177
What are the prime factors of 6441949?
6441949
What are the prime factors of 50820?
2, 3, 5, 7, 11
List the prime factors of 140933.
13, 37, 293
What are the prime factors of 180291?
3, 19, 3163
What are the prime factors of 917255?
5, 183451
List the prime factors of 206710.
2, 5, 7, 2953
List the prime factors of 1697696.
2, 7, 11, 13, 53
What are the prime factors of 1431313?
13, 23, 4787
List the prime factors of 15536287.
13, 43, 27793
What are the prime factors of 14337176?
2, 7, 256021
List the prime factors of 1152462.
2, 3, 241, 797
What are the prime factors of 584639?
11, 53149
List the prime factors of 2036214.
2, 3, 113123
What are the prime factors of 3452515?
5, 11, 62773
List the prime factors of 2387623.
7, 6961
What are the prime factors of 17419048?
2, 19, 114599
List the prime factors of 16725022.
2, 43, 439, 443
What are the prime factors of 196534?
2, 13, 7559
What are the prime factors of 30020617?
11, 31, 88037
List the prime factors of 14972849.
14972849
What are the prime factors of 303532?
2, 75883
List the prime factors of 571405.
5, 114281
What are the prime factors of 305506?
2, 152753
List the prime factors of 4322476.
2, 73, 113, 131
List the prime factors of 235251.
3, 8713
What are the prime factors of 12952575?
3, 5, 31, 619
What are the prime factors of 215670?
2, 3, 5, 7, 13, 79
List the prime factors of 4863890.
2, 5, 486389
What are the prime factors of 826522?
2, 31, 13331
List the prime factors of 439272.
2, 3, 6101
What are the prime factors of 3280336?
2, 61, 3361
What are the prime factors of 1222641?
3, 7, 6469
List the prime factors of 1729483.
7, 247069
What are the prime factors of 2414428?
2, 603607
List the prime factors of 942533.
19, 113, 439
List the prime factors of 7116610.
2, 5, 109, 6529
List the prime factors of 3623.
3623
What are the prime factors of 214325?
5, 8573
List the prime factors of 875062.
2, 193, 2267
List the prime factors of 12878969.
12878969
What are the prime factors of 877828?
2, 7, 107, 293
What are the prime factors of 5800691?
13, 53, 8419
List the prime factors of 1524110.
2, 5, 7, 21773
What are the prime factors of 176191?
176191
List the prime factors of 4990664.
2, 7, 89119
What are the prime factors of 11692594?
2, 5846297
List the prime factors of 4635279.
3, 11, 15607
What are the prime factors of 1461479?
1461479
What are the prime factors of 1355248?
2, 71, 1193
What are the prime factors of 288659?
7, 43, 137
List the prime factors of 443747.
457, 971
List the prime factors of 194667.
3, 11, 17, 347
What are the prime factors of 1264235?
5, 7, 41, 881
What are the prime factors of 1678367?
1678367
List the prime factors of 359886.
2, 3, 59981
What are the prime factors of 15029992?
2, 37, 50777
List the prime factors of 4235990.
2, 5, 11, 97, 397
List the prime factors of 169261.
193, 877
List the prime factors of 1341010.
2, 5, 11, 73, 167
What are the prime factors of 8735513?
53, 164821
List the prime factors of 1810820.
2, 5, 11, 8231
What are the prime factors of 150690?
2, 3, 5, 5023
List the prime factors of 181943.
181943
List the prime factors of 5914189.
5914189
What are the prime factors of 35215784?
2, 47, 73, 1283
List the prime factors of 4438630.
2, 5, 7, 63409
What are the prime factors of 36358629?
3, 31, 390953
What are the prime factors of 1868396?
2, 167, 2797
What are the prime factors of 298037?
491, 607
List the prime factors of 131613.
3, 19, 2309
List the prime factors of 2608245.
3, 5, 149, 389
What are the prime factors of 212149?
7, 30307
What are the prime factors of 2257267?
79, 28573
List the prime factors of 8551367.
11, 43, 101, 179
What are the prime factors of 150289?
137, 1097
What are the prime factors of 229145?
5, 7, 6547
List the prime factors of 36904.
2, 7, 659
List the prime factors of 561391.
17, 33023
List the prime factors of 21663118.
2, 1873, 5783
List the prime factors of 496169.
331, 1499
List the prime factors of